{"id":14,"date":"2017-03-08T11:41:25","date_gmt":"2017-03-08T10:41:25","guid":{"rendered":"http:\/\/juliaamarger.com\/?page_id=14"},"modified":"2023-12-04T15:17:44","modified_gmt":"2023-12-04T14:17:44","slug":"projets","status":"publish","type":"page","link":"https:\/\/juliaamarger.com\/index.php\/projets\/","title":{"rendered":"Une femme multifacettes 2010- \u221e"},"content":{"rendered":"<p><img decoding=\"async\" loading=\"lazy\" class=\"alignnone  wp-image-455\" src=\"http:\/\/juliaamarger.com\/wp-content\/uploads\/2021\/05\/D859528-Modifier-683x1024.jpg\" alt=\"\" width=\"415\" height=\"623\" srcset=\"https:\/\/juliaamarger.com\/wp-content\/uploads\/2021\/05\/D859528-Modifier-683x1024.jpg 683w, https:\/\/juliaamarger.com\/wp-content\/uploads\/2021\/05\/D859528-Modifier-200x300.jpg 200w, https:\/\/juliaamarger.com\/wp-content\/uploads\/2021\/05\/D859528-Modifier-768x1152.jpg 768w, https:\/\/juliaamarger.com\/wp-content\/uploads\/2021\/05\/D859528-Modifier-720x1080.jpg 720w\" sizes=\"(max-width: 415px) 100vw, 415px\" \/><img decoding=\"async\" loading=\"lazy\" class=\"alignnone  wp-image-456\" src=\"http:\/\/juliaamarger.com\/wp-content\/uploads\/2021\/05\/D859569-1024x683.jpg\" alt=\"\" width=\"414\" height=\"276\" srcset=\"https:\/\/juliaamarger.com\/wp-content\/uploads\/2021\/05\/D859569-1024x683.jpg 1024w, https:\/\/juliaamarger.com\/wp-content\/uploads\/2021\/05\/D859569-300x200.jpg 300w, https:\/\/juliaamarger.com\/wp-content\/uploads\/2021\/05\/D859569-768x512.jpg 768w, https:\/\/juliaamarger.com\/wp-content\/uploads\/2021\/05\/D859569-720x480.jpg 720w\" sizes=\"(max-width: 414px) 100vw, 414px\" \/><img decoding=\"async\" loading=\"lazy\" class=\"alignnone  wp-image-457\" src=\"http:\/\/juliaamarger.com\/wp-content\/uploads\/2021\/05\/D859572-Modifier-1024x683.jpg\" alt=\"\" width=\"415\" height=\"276\" srcset=\"https:\/\/juliaamarger.com\/wp-content\/uploads\/2021\/05\/D859572-Modifier-1024x683.jpg 1024w, https:\/\/juliaamarger.com\/wp-content\/uploads\/2021\/05\/D859572-Modifier-300x200.jpg 300w, https:\/\/juliaamarger.com\/wp-content\/uploads\/2021\/05\/D859572-Modifier-768x512.jpg 768w, https:\/\/juliaamarger.com\/wp-content\/uploads\/2021\/05\/D859572-Modifier-720x480.jpg 720w\" sizes=\"(max-width: 415px) 100vw, 415px\" \/><\/p>\n<h6><strong><span class=\"aCOpRe\">\u00a9 <\/span>Gilberto Gu\u0308iza Rojas EPT Grand-Orly Seine Bie\u0300vre<\/strong><\/h6>\n<p>Une femme multifacettes, 2010 &#8211; \u221e<\/p>\n<p>Texte de l&rsquo;exposition \u00c9crans Partag\u00e9s &#8211; La photographie apr\u00e8s 31 ans de Web au Lavoir Num\u00e9rique, Gentilly. Installation 2020<\/p>\n<p>Que dit notre visage de nous\u00a0? Que nous disent les visages des autres\u00a0? Et les images de visages\u00a0? La photographie ne dit rien de qui nous sommes mais c\u2019est pourtant elle qui atteste de notre identit\u00e9 sur nos documents officiels et c\u2019est souvent le premier contact que nous avons avec un autre individu sur internet.<\/p>\n<p>A partir de ces interrogations, Julia Amarger a commenc\u00e9 le projet <em>Une femme multifacettes<\/em> en r\u00e9alisant 12 autoportraits tous les ans depuis 2010. En une fois, elle prend diff\u00e9rentes apparences et montre des facettes qu\u2019elle a, selon elle, pu avoir durant l\u2019ann\u00e9e\u00a0; ainsi en 2020 elle r\u00e9unit 132 autoportraits qui reprennent les codes de la photographie d\u2019identit\u00e9. Ces codes unifient la prise de vue pour montrer les diff\u00e9rences entre les individus, mais, dans <em>Une femme multifacettes<\/em>, elle les r\u00e9utilise pour se montrer elle-m\u00eame diff\u00e9remment dans chacune des images. Ainsi, dans un m\u00eame cadre et format, elle est autant de femmes qu\u2019elle r\u00e9alise d\u2019images.\u00a0 En parall\u00e8le, elle joue avec ses photographies en les utilisant dans des documents officiels, carte d\u2019identit\u00e9, carte vitale, passeport\u2026 En adoptant une apparence compl\u00e8tement diff\u00e9rente dans chacun d\u2019entre eux.<\/p>\n<p>Elle a rassembl\u00e9 les images r\u00e9alis\u00e9es depuis 2010 dans une application parodique o\u00f9 seule sa figure, sous diff\u00e9rentes facettes, appara\u00eet au spectateur. Sur la photo d\u2019une carte d\u2019identit\u00e9 ou d\u2019un CV, sur les r\u00e9seaux sociaux, sur les sites de rencontre, nous donnons \u00e0 voir une image de nous-m\u00eames que nous adaptons au canal de diffusion. Nous pouvons prendre des apparences totalement diff\u00e9rentes, nous m\u00e9tamorphoser. Tout cela, sous le regard d\u2019anonymes et d\u2019inconnus qui observent notre image, s\u2019en font une id\u00e9e, balaient du doigt notre visage pour passer au suivant, parfois le liker, et souvent l\u2019oublier. Face \u00e0 la photo d\u2019un sujet v\u00eatu d\u2019une certaine mani\u00e8re et qui a une certaine expression, on incorpore \u00e0 l\u2019image des sens, on cristallise le regard que l\u2019on porte sur l\u2019Autre\u00a0; le convertissant en un produit de consommation sorti d\u2019un catalogue de supermarch\u00e9.<\/p>\n<p>A travers l\u2019application pr\u00e9sent\u00e9e dans cette exposition, Julia Amarger questionne l\u2019id\u00e9e que l\u2019on se fait de l\u2019autre en observant son image, mais aussi l\u2019utilisation d\u2019algorithmes dans les r\u00e9seaux pour la classification des personnes et les st\u00e9r\u00e9otypes qui s\u2019en d\u00e9gagent. Les qualificatifs employ\u00e9s pour d\u00e9crire les individus sont-ils appliqu\u00e9s de la m\u00eame fa\u00e7on pour une femme et pour un homme\u00a0? Comment les st\u00e9r\u00e9otypes conditionnent notre regard sur les autres\u00a0?<\/p>\n<p>132 autoportraits de l\u2019artiste d\u00e9filent al\u00e9atoirement sur une tablette que le spectateur est invit\u00e9 \u00e0 toucher pour interagir. A ce moment-l\u00e0, 16 adjectifs qualificatifs apparaissent (intelligente, affectueuse, sexy, sportive, dr\u00f4le, romantique, spontan\u00e9e\u2026), le spectateur en choisit deux, et un autoportrait de Julia apparait. L\u2019installation pr\u00e9sent\u00e9e sous la forme d\u2019un jeu interroge le spectateur. Que se passe-t-il si la combinaison des adjectifs choisis nous montre une image qui n\u2019est pas celle attendue\u00a0? Julia Amarger nous invite \u00e0 jouer \u00e0 un jeu qui r\u00e9v\u00e8le nos propres pr\u00e9jug\u00e9s et o\u00f9 le personnage \u00e9chappe \u00e0 la classification.<\/p>\n","protected":false},"excerpt":{"rendered":"<p>\u00a9 Gilberto Gu\u0308iza Rojas EPT Grand-Orly Seine Bie\u0300vre Une femme multifacettes, 2010 &#8211; \u221e Texte de l&rsquo;exposition \u00c9crans Partag\u00e9s &#8211; La photographie apr\u00e8s 31 ans de Web au Lavoir Num\u00e9rique, Gentilly. Installation 2020 Que dit notre visage de nous\u00a0? Que nous disent les visages des autres\u00a0? Et les images de visages\u00a0? La photographie ne dit rien de qui nous sommes mais c\u2019est pourtant elle qui atteste de notre identit\u00e9 sur nos documents officiels et c\u2019est souvent le premier contact que<a class=\"more-link\" href=\"https:\/\/juliaamarger.com\/index.php\/projets\/\"><span>Read More<\/span><\/a><\/p>\n","protected":false},"author":1,"featured_media":0,"parent":0,"menu_order":1,"comment_status":"closed","ping_status":"closed","template":"","meta":[],"_links":{"self":[{"href":"https:\/\/juliaamarger.com\/index.php\/wp-json\/wp\/v2\/pages\/14"}],"collection":[{"href":"https:\/\/juliaamarger.com\/index.php\/wp-json\/wp\/v2\/pages"}],"about":[{"href":"https:\/\/juliaamarger.com\/index.php\/wp-json\/wp\/v2\/types\/page"}],"author":[{"embeddable":true,"href":"https:\/\/juliaamarger.com\/index.php\/wp-json\/wp\/v2\/users\/1"}],"replies":[{"embeddable":true,"href":"https:\/\/juliaamarger.com\/index.php\/wp-json\/wp\/v2\/comments?post=14"}],"version-history":[{"count":7,"href":"https:\/\/juliaamarger.com\/index.php\/wp-json\/wp\/v2\/pages\/14\/revisions"}],"predecessor-version":[{"id":541,"href":"https:\/\/juliaamarger.com\/index.php\/wp-json\/wp\/v2\/pages\/14\/revisions\/541"}],"wp:attachment":[{"href":"https:\/\/juliaamarger.com\/index.php\/wp-json\/wp\/v2\/media?parent=14"}],"curies":[{"name":"wp","href":"https:\/\/api.w.org\/{rel}","templated":true}]}}

<p><img decoding="async" loading="lazy" class="alignnone  wp-image-455" src="http://juliaamarger.com/wp-content/uploads/2021/05/D859528-Modifier-683x1024.jpg" alt="" width="415" height="623" srcset="https://juliaamarger.com/wp-content/uploads/2021/05/D859528-Modifier-683x1024.jpg 683w, https://juliaamarger.com/wp-content/uploads/2021/05/D859528-Modifier-200x300.jpg 200w, https://juliaamarger.com/wp-content/uploads/2021/05/D859528-Modifier-768x1152.jpg 768w, https://juliaamarger.com/wp-content/uploads/2021/05/D859528-Modifier-720x1080.jpg 720w" sizes="(max-width: 415px) 100vw, 415px" /><img decoding="async" loading="lazy" class="alignnone  wp-image-456" src="http://juliaamarger.com/wp-content/uploads/2021/05/D859569-1024x683.jpg" alt="" width="414" height="276" srcset="https://juliaamarger.com/wp-content/uploads/2021/05/D859569-1024x683.jpg 1024w, https://juliaamarger.com/wp-content/uploads/2021/05/D859569-300x200.jpg 300w, https://juliaamarger.com/wp-content/uploads/2021/05/D859569-768x512.jpg 768w, https://juliaamarger.com/wp-content/uploads/2021/05/D859569-720x480.jpg 720w" sizes="(max-width: 414px) 100vw, 414px" /><img decoding="async" loading="lazy" class="alignnone  wp-image-457" src="http://juliaamarger.com/wp-content/uploads/2021/05/D859572-Modifier-1024x683.jpg" alt="" width="415" height="276" srcset="https://juliaamarger.com/wp-content/uploads/2021/05/D859572-Modifier-1024x683.jpg 1024w, https://juliaamarger.com/wp-content/uploads/2021/05/D859572-Modifier-300x200.jpg 300w, https://juliaamarger.com/wp-content/uploads/2021/05/D859572-Modifier-768x512.jpg 768w, https://juliaamarger.com/wp-content/uploads/2021/05/D859572-Modifier-720x480.jpg 720w" sizes="(max-width: 415px) 100vw, 415px" /></p>
<h6><strong><span class="aCOpRe">© </span>Gilberto Güiza Rojas EPT Grand-Orly Seine Bièvre</strong></h6>
<p>Une femme multifacettes, 2010 &#8211; ∞</p>
<p>Texte de l&rsquo;exposition Écrans Partagés &#8211; La photographie après 31 ans de Web au Lavoir Numérique, Gentilly. Installation 2020</p>
<p>Que dit notre visage de nous ? Que nous disent les visages des autres ? Et les images de visages ? La photographie ne dit rien de qui nous sommes mais c’est pourtant elle qui atteste de notre identité sur nos documents officiels et c’est souvent le premier contact que nous avons avec un autre individu sur internet.</p>
<p>A partir de ces interrogations, Julia Amarger a commencé le projet <em>Une femme multifacettes</em> en réalisant 12 autoportraits tous les ans depuis 2010. En une fois, elle prend différentes apparences et montre des facettes qu’elle a, selon elle, pu avoir durant l’année ; ainsi en 2020 elle réunit 132 autoportraits qui reprennent les codes de la photographie d’identité. Ces codes unifient la prise de vue pour montrer les différences entre les individus, mais, dans <em>Une femme multifacettes</em>, elle les réutilise pour se montrer elle-même différemment dans chacune des images. Ainsi, dans un même cadre et format, elle est autant de femmes qu’elle réalise d’images.  En parallèle, elle joue avec ses photographies en les utilisant dans des documents officiels, carte d’identité, carte vitale, passeport… En adoptant une apparence complètement différente dans chacun d’entre eux.</p>
<p>Elle a rassemblé les images réalisées depuis 2010 dans une application parodique où seule sa figure, sous différentes facettes, apparaît au spectateur. Sur la photo d’une carte d’identité ou d’un CV, sur les réseaux sociaux, sur les sites de rencontre, nous donnons à voir une image de nous-mêmes que nous adaptons au canal de diffusion. Nous pouvons prendre des apparences totalement différentes, nous métamorphoser. Tout cela, sous le regard d’anonymes et d’inconnus qui observent notre image, s’en font une idée, balaient du doigt notre visage pour passer au suivant, parfois le liker, et souvent l’oublier. Face à la photo d’un sujet vêtu d’une certaine manière et qui a une certaine expression, on incorpore à l’image des sens, on cristallise le regard que l’on porte sur l’Autre ; le convertissant en un produit de consommation sorti d’un catalogue de supermarché.</p>
<p>A travers l’application présentée dans cette exposition, Julia Amarger questionne l’idée que l’on se fait de l’autre en observant son image, mais aussi l’utilisation d’algorithmes dans les réseaux pour la classification des personnes et les stéréotypes qui s’en dégagent. Les qualificatifs employés pour décrire les individus sont-ils appliqués de la même façon pour une femme et pour un homme ? Comment les stéréotypes conditionnent notre regard sur les autres ?</p>
<p>132 autoportraits de l’artiste défilent aléatoirement sur une tablette que le spectateur est invité à toucher pour interagir. A ce moment-là, 16 adjectifs qualificatifs apparaissent (intelligente, affectueuse, sexy, sportive, drôle, romantique, spontanée…), le spectateur en choisit deux, et un autoportrait de Julia apparait. L’installation présentée sous la forme d’un jeu interroge le spectateur. Que se passe-t-il si la combinaison des adjectifs choisis nous montre une image qui n’est pas celle attendue ? Julia Amarger nous invite à jouer à un jeu qui révèle nos propres préjugés et où le personnage échappe à la classification.</p>

<p>© Gilberto Güiza Rojas EPT Grand-Orly Seine Bièvre Une femme multifacettes, 2010 &#8211; ∞ Texte de l&rsquo;exposition Écrans Partagés &#8211; La photographie après 31 ans de Web au Lavoir Numérique, Gentilly. Installation 2020 Que dit notre visage de nous ? Que nous disent les visages des autres ? Et les images de visages ? La photographie ne dit rien de qui nous sommes mais c’est pourtant elle qui atteste de notre identité sur nos documents officiels et c’est souvent le premier contact que<a class="more-link" href="https://juliaamarger.com/index.php/projets/"><span>Read More</span></a></p>
