{"id":10,"date":"2017-03-12T11:52:49","date_gmt":"2017-03-12T10:52:49","guid":{"rendered":"http:\/\/juliaamarger.com\/?page_id=10"},"modified":"2025-09-12T14:03:55","modified_gmt":"2025-09-12T12:03:55","slug":"a-propos","status":"publish","type":"page","link":"https:\/\/juliaamarger.com\/index.php\/a-propos\/","title":{"rendered":"Bio"},"content":{"rendered":"<p><b>Julia Amarger<\/b><\/p>\n<p>Photographe et Archiviste audiovisuel.<\/p>\n<p>Apr\u00e8s des \u00e9tudes de photographie en Argentine, Julia Amarger a obtenu en 2016 le Master de Photographie et Art Contemporain de l\u2019universit\u00e9 Paris 8. Ses projets se saisissent du caract\u00e8re fragmentaire de la m\u00e9moire et de la photographie pour \u00e9voquer silences, secrets et non-dits. Son approche interdisciplinaire de la photographie ouvre sa pratique \u00e0 la performance, le mise en sc\u00e8ne, et la vid\u00e9o.<\/p>\n<p>Artiste r\u00e9sidente du\u00a0 <a href=\"https:\/\/www.le6b.fr\/\">6B<\/a> (Saint Denis)<\/p>\n<p>Membre du collectif DIAPH 8<\/p>\n<p><img decoding=\"async\" loading=\"lazy\" class=\"alignnone  wp-image-548\" src=\"http:\/\/juliaamarger.com\/wp-content\/uploads\/2023\/12\/E3A9682-683x1024.jpg\" alt=\"\" width=\"300\" height=\"450\" srcset=\"https:\/\/juliaamarger.com\/wp-content\/uploads\/2023\/12\/E3A9682-683x1024.jpg 683w, https:\/\/juliaamarger.com\/wp-content\/uploads\/2023\/12\/E3A9682-200x300.jpg 200w, https:\/\/juliaamarger.com\/wp-content\/uploads\/2023\/12\/E3A9682-768x1152.jpg 768w, https:\/\/juliaamarger.com\/wp-content\/uploads\/2023\/12\/E3A9682-1024x1536.jpg 1024w, https:\/\/juliaamarger.com\/wp-content\/uploads\/2023\/12\/E3A9682-1365x2048.jpg 1365w, https:\/\/juliaamarger.com\/wp-content\/uploads\/2023\/12\/E3A9682-720x1080.jpg 720w, https:\/\/juliaamarger.com\/wp-content\/uploads\/2023\/12\/E3A9682-scaled.jpg 1707w\" sizes=\"(max-width: 300px) 100vw, 300px\" \/><\/p>\n<p><span style=\"color: #ffffff;\">jjj<\/span><\/p>\n","protected":false},"excerpt":{"rendered":"<p>Julia Amarger Photographe et Archiviste audiovisuel. Apr\u00e8s des \u00e9tudes de photographie en Argentine, Julia Amarger a obtenu en 2016 le Master de Photographie et Art Contemporain de l\u2019universit\u00e9 Paris 8. Ses projets se saisissent du caract\u00e8re fragmentaire de la m\u00e9moire et de la photographie pour \u00e9voquer silences, secrets et non-dits. Son approche interdisciplinaire de la photographie ouvre sa pratique \u00e0 la performance, le mise en sc\u00e8ne, et la vid\u00e9o. Artiste r\u00e9sidente du\u00a0 6B (Saint Denis) Membre du collectif DIAPH 8<a class=\"more-link\" href=\"https:\/\/juliaamarger.com\/index.php\/a-propos\/\"><span>Read More<\/span><\/a><\/p>\n","protected":false},"author":1,"featured_media":0,"parent":0,"menu_order":0,"comment_status":"closed","ping_status":"closed","template":"","meta":[],"_links":{"self":[{"href":"https:\/\/juliaamarger.com\/index.php\/wp-json\/wp\/v2\/pages\/10"}],"collection":[{"href":"https:\/\/juliaamarger.com\/index.php\/wp-json\/wp\/v2\/pages"}],"about":[{"href":"https:\/\/juliaamarger.com\/index.php\/wp-json\/wp\/v2\/types\/page"}],"author":[{"embeddable":true,"href":"https:\/\/juliaamarger.com\/index.php\/wp-json\/wp\/v2\/users\/1"}],"replies":[{"embeddable":true,"href":"https:\/\/juliaamarger.com\/index.php\/wp-json\/wp\/v2\/comments?post=10"}],"version-history":[{"count":20,"href":"https:\/\/juliaamarger.com\/index.php\/wp-json\/wp\/v2\/pages\/10\/revisions"}],"predecessor-version":[{"id":620,"href":"https:\/\/juliaamarger.com\/index.php\/wp-json\/wp\/v2\/pages\/10\/revisions\/620"}],"wp:attachment":[{"href":"https:\/\/juliaamarger.com\/index.php\/wp-json\/wp\/v2\/media?parent=10"}],"curies":[{"name":"wp","href":"https:\/\/api.w.org\/{rel}","templated":true}]}}

<p><b>Julia Amarger</b></p>
<p>Photographe et Archiviste audiovisuel.</p>
<p>Après des études de photographie en Argentine, Julia Amarger a obtenu en 2016 le Master de Photographie et Art Contemporain de l’université Paris 8. Ses projets se saisissent du caractère fragmentaire de la mémoire et de la photographie pour évoquer silences, secrets et non-dits. Son approche interdisciplinaire de la photographie ouvre sa pratique à la performance, le mise en scène, et la vidéo.</p>
<p>Artiste résidente du  <a href="https://www.le6b.fr/">6B</a> (Saint Denis)</p>
<p>Membre du collectif DIAPH 8</p>
<p><img decoding="async" loading="lazy" class="alignnone  wp-image-548" src="http://juliaamarger.com/wp-content/uploads/2023/12/E3A9682-683x1024.jpg" alt="" width="300" height="450" srcset="https://juliaamarger.com/wp-content/uploads/2023/12/E3A9682-683x1024.jpg 683w, https://juliaamarger.com/wp-content/uploads/2023/12/E3A9682-200x300.jpg 200w, https://juliaamarger.com/wp-content/uploads/2023/12/E3A9682-768x1152.jpg 768w, https://juliaamarger.com/wp-content/uploads/2023/12/E3A9682-1024x1536.jpg 1024w, https://juliaamarger.com/wp-content/uploads/2023/12/E3A9682-1365x2048.jpg 1365w, https://juliaamarger.com/wp-content/uploads/2023/12/E3A9682-720x1080.jpg 720w, https://juliaamarger.com/wp-content/uploads/2023/12/E3A9682-scaled.jpg 1707w" sizes="(max-width: 300px) 100vw, 300px" /></p>
<p><span style="color: #ffffff;">jjj</span></p>

<p>Julia Amarger Photographe et Archiviste audiovisuel. Après des études de photographie en Argentine, Julia Amarger a obtenu en 2016 le Master de Photographie et Art Contemporain de l’université Paris 8. Ses projets se saisissent du caractère fragmentaire de la mémoire et de la photographie pour évoquer silences, secrets et non-dits. Son approche interdisciplinaire de la photographie ouvre sa pratique à la performance, le mise en scène, et la vidéo. Artiste résidente du  6B (Saint Denis) Membre du collectif DIAPH 8<a class="more-link" href="https://juliaamarger.com/index.php/a-propos/"><span>Read More</span></a></p>
